*u - 4*h. Calculate the greatest common divisor of u and 85.
17
Let m(n) = -11*n. Suppose -5*s - 5*b - 25 = -0*s, 3*b + 5 = 2*s. Let d be (-6)/4 - s/4. Let q be m(d). Calculate the highest common factor of q and 55.
11
Let c be (3/4)/((-2)/(-56)). Calculate the highest common factor of c and 7.
7
Let z(r) = r**2 - 7*r - 2. Let m be z(9). What is the highest common divisor of m and 32?
16
Suppose -51 = -7*r + 103. Let d = -4 + 2. Let n be 22/((d/(-3))/2). Calculate the highest common factor of r and n.
22
Suppose 0 = -3*w + 2*w + 173. Let s = w + -108. What is the highest common divisor of s and 26?
13
Let t(v) = v**2 - 20*v + 31. Let k be t(19). Suppose -78 = q + 2*q. Let x = 34 - q. What is the greatest common factor of x and k?
12
Let b be -3 - (-2 + 20*-1). Suppose 4*v = 3*y - 187, y + 265 = 6*y + 5*v. Calculate the highest common factor of y and b.
19
Let i(p) be the first derivative of -3*p**2/2 - 5*p + 3. Let z be i(-5). What is the highest common factor of z and 70?
10
Suppose -c + 19 = y - 12, -3*y = -4*c - 100. What is the greatest common divisor of 352 and y?
32
Suppose 11*t - 576 = -t. Calculate the highest common factor of 3 and t.
3
Suppose 2*v - 1 = -63. Suppose -4*p - 324 = -132. Let w = v - p. What is the greatest common divisor of 17 and w?
17
Let i(p) = 31*p**3 + p**2 + 2*p + 1. Let o be i(-1). Let g = -13 - o. What is the greatest common factor of g and 9?
9
Let f(m) = -m**3 - 2*m**2 + m. Let h be f(-3). Let s(p) = p**2 - 4*p - 11. Let c be s(11). Calculate the highest common divisor of h and c.
6
Suppose 4*m = 349 - 125. Suppose 5*r + 11 = 151. Calculate the highest common factor of r and m.
28
Suppose -41 = -j - 3*k - 2*k, 0 = 5*j + 5*k - 265. What is the greatest common factor of j and 8?
8
Suppose 0 = -q + 3*z + 19, -1 = -q - 3*z - 12. What is the greatest common divisor of 8 and q?
4
Let q(c) = c**3 - 8*c**2 + 8*c + 2. Let x be q(7). Let y = x - 9. Suppose 0 = -y*v - 2*v + 288. What is the highest common divisor of 16 and v?
16
Let o be (-2)/10 - 184/(-20). Calculate the highest common factor of o and 63.
9
Suppose -5*l + 0*l + 3*w = 7, 3*l = -4*w + 19. What is the greatest common divisor of l and 7?
1
Let n = 17 - 5. Calculate the greatest common divisor of 24 and n.
12
Suppose -3*g - 3*r - 180 = 0, 0*g = -3*g + 5*r - 164. Let t = g + 94. What is the highest common factor of 12 and t?
12
Suppose -156 = 4*b - 4*o, -203 = 5*b - 3*o - 0*o. Let c be -1 + (44 + 2)/(-2). Let q = c - b. What is the greatest common factor of 19 and q?
19
Let r = 13 - -1. Let n(j) = 4*j**3 + 4*j + j - 8*j**2 - 2*j**3 - j. Let h be n(5). What is the highest common divisor of h and r?
14
Let n be (1 - 1) + (-1 - -3). Calculate the highest common divisor of 6 and n.
2
Let h = 20 - 9. Suppose -2*c = -28 - 82. Calculate the highest common divisor of h and c.
11
Let a = -126 + 171. What is the highest common factor of 45 and a?
45
Suppose -5*z - 270 = -5*r, 2*r - 4*r - 3*z = -108. Suppose -18 = -q + r. Calculate the greatest common factor of q and 24.
24
Let o = -44 - -53. What is the greatest common factor of 3 and o?
3
Suppose -3*r - 69 = -5*u, 4*u + 2*r = -0*r + 64. Suppose -2*b + 70 = 5*y, b - 4*b + u = 0. What is the highest common divisor of y and 6?
6
Let t be -9 - ((-2 - -2) + -2). Let r(y) = -y**3 - 5*y**2 + 4*y - 10. Let g be r(t). Calculate the highest common divisor of 12 and g.
12
Let l be 4 + (-3)/9*0. Let i be (-105)/(-12) + 1/l. Calculate the greatest common divisor of i and 99.
9
Let u be (17 + -1)*1 - 2. What is the highest common divisor of 2 and u?
2
Suppose 5*n + 54 = -5*w + 209, 2*n + 28 = w. What is the greatest common divisor of w and 90?
30
Suppose 0 = -5*d + 3*p + 53, 4*d - 40 = -0*d + 3*p. Calculate the highest common factor of 52 and d.
13
Let d(j) = 4*j + 5. Let q be d(5). Calculate the highest common factor of 100 and q.
25
Let r be (2 + -8)*(-5 - -4). What is the highest common divisor of 4 and r?
2
Suppose 2*u - 3 = -3*p + 5*u, 2*p = 5*u + 5. Suppose 3*c - 1 - 83 = p. Suppose -s + 5*s - c = 0. What is the greatest common divisor of 70 and s?
7
Let v = -2 - 0. Let a be 1*v + 2*-64. Let w = -53 - a. What is the greatest common divisor of 11 and w?
11
Let r(h) = 6*h + h**3 - 6*h**3 + 4*h**3 - h + 1 - 2*h**2. Let w be r(-4). What is the highest common factor of w and 65?
13
Let i be 170 + -4*5/10. Calculate the highest common factor of i and 24.
24
Suppose -4*p = p - 1535. Let i be p/7 - 3/(-21). Calculate the highest common factor of 11 and i.
11
Suppose -t + 2 + 1 = 0. Suppose 0*j = -t*j + 18. Let v be 76/j + (-4)/6. Calculate the highest common divisor of 48 and v.
12
Suppose -5*b + 12 = -b. Let a = 10 + b. Suppose -2*z - c = -2*c - 107, -4*z - c = -205. What is the highest common divisor of a and z?
13
Suppose 32 = 5*b - 38. Let y(x) = -x**3 - 5*x**2 - 2*x + 1. Let s be y(-3). Let r = s + 81. What is the highest common divisor of b and r?
14
Suppose -5*w = 3*a - 185, 2*a + w - 301 = -3*a. Calculate the greatest common factor of a and 12.
12
Suppose 4*z = -2*t - 2 - 2, 4 = t - z. Suppose -5 = -t*j + 15. Suppose 2*k - 5*k = -6. Calculate the greatest common divisor of j and k.
2
Suppose -2*a + 15 = b, -25 - 11 = -3*b - 3*a. What is the greatest common factor of b and 99?
9
Let d be ((-32)/24)/(1/(-30)). Suppose 6*f - 9*f + 30 = 0. Calculate the greatest common factor of d and f.
10
Let b(z) be the first derivative of z**3 - z**2 + 5*z + 4. Let d be b(4). What is the greatest common factor of 30 and d?
15
Let h be ((-2)/8)/(2/(-56)). Suppose 0 = -2*d + h*d - 595. Calculate the highest common factor of d and 17.
17
Let x(k) = k**2 + 27. Let v be x(0). Calculate the highest common divisor of v and 9.
9
Suppose 5*u - 60 = 120. Suppose 2*y + y - u = 0. Calculate the greatest common divisor of 24 and y.
12
Suppose -5*s - g = -61 - 60, 3*g - 75 = -3*s. Calculate the highest common divisor of 60 and s.
12
Let v(q) = 2*q**2 + q + 3. Let g be -5 + 2 + (-2 - -2). Let x be v(g). What is the highest common factor of x and 2?
2
Let g be 1/(-2)*20/(-2). Let x(w) = -2*w + 6 + 0*w - w + 2*w. Let n be x(g). Calculate the greatest common factor of n and 7.
1
Suppose 2*q + 4 = 0, -5*x - 2*q = -0*x - 416. What is the greatest common divisor of x and 14?
14
Suppose 0 = -h + 13 + 6. Let i = -10 + h. What is the highest common divisor of 18 and i?
9
Let j = -6 - -7. Let h(d) be the second derivative of d**3 - d**2/2 - d. Let u be h(j). Calculate the highest common factor of u and 40.
5
Let c(w) = 43*w**2 + 2*w. Let o be c(-2). Suppose 3*d + 3*k + 1 = 73, 2*k - 111 = -5*d. Calculate the highest common factor of d and o.
21
Let i = -626 + 281. Let b = -156 - i. What is the greatest common factor of b and 27?
27
Let w be -57*(-5)/10*2. Calculate the highest common divisor of 133 and w.
19
Suppose 0 = 5*i - 3*g - g - 65, 3*i - 3*g - 42 = 0. Suppose -4*o + o + i = 0. Suppose -o - 9 = -4*x. Calculate the highest common factor of 3 and x.
3
Suppose 0 = -5*k - y + 45, 7*y - 8*y + 27 = 3*k. Suppose -2*t + 111 + 33 = 0. What is the greatest common factor of t and k?
9
Suppose 2*b - 10 = -3*b. Suppose 0 = 2*s + b*s. Suppose 3*y + k = -k + 202, 2*y + 3*k - 143 = s. What is the highest common factor of 8 and y?
8
Let n(q) = q**2 - 2*q - 1. Let c be n(5). Calculate the greatest common divisor of 35 and c.
7
Let i = 155 - 59. Suppose 3*t + 0*t = i. What is the greatest common factor of 8 and t?
8
Suppose 3*g + 11 = -w, g - 3*g = w + 8. Let d be 18/15*(-5)/w. Calculate the greatest common factor of d and 21.
3
Let h be (-30)/4*2/(-3). Let m be -1*3/(-6)*2. Calculate the greatest common factor of m and h.
1
Let k = 16 - 8. What is the highest common factor of 24 and k?
8
Suppose -m + 33 = 3*u, 15 = -3*u + 8*u. What is the greatest common factor of 16 and m?
8
Suppose -3*a + 6 + 1 = -f, f + 2 = 2*a. Suppose 0*r - f = 2*r, 437 = 3*b - 2*r. Let j = 11 + 2. What is the greatest common divisor of b and j?
13
Suppose -3*j - 126 - 30 = 0. Let r be -2 + (0 - (j + 0)). Let a(v) = -v**3 + 5*v**2 + 2*v - 4. Let g be a(3). What is the greatest common divisor of r and g?
10
Let d(x) = -x**3 - 7*x**2. Let f be d(-7). Suppose -4*w + 2*g = -194, f*w - 5*g = -4*w + 197. Let o = -27 - -43. What is the highest common factor of o and w?
16
Suppose 0*k + 4*f = 4*k - 376, 3*k +